te k(w).
0
Let n(p) = 6*p**2 + 1 + 4*p - 8*p**2 - p**3 - p**2. Determine n(-4).
1
Let r(u) = -7*u - 12. Let m(t) = t + 1. Let o(g) = 4*m(g) + r(g). What is o(-6)?
10
Let n(l) be the third derivative of -l**6/360 - l**5/60 - l**3/3 - l**2. Let u(x) be the first derivative of n(x). Let a = 2 + -6. What is u(a)?
-8
Suppose -5*w + 31 = -4*v, 2*v + 3*v = -3*w - 11. Let n = w - 2. Let b(k) = 5*k**2 + n - 4*k + 3*k + 0*k. Give b(1).
5
Let z(y) = 3*y**3 - y**2 + 1. Suppose 0 = 5*q - q - 4. Let n be (q - -3) + (-4 - -5). Suppose t + 10 = -3*c, -c + 0 = -n*t - 2. What is z(t)?
-3
Let p = -6 - -8. Let r(l) = p - l + 3*l + 2. Suppose 2*j + 7 = j + 4*b, 5*b = -j + 2. What is r(j)?
-2
Let v(y) = y**3 - 7*y**2 + 3*y**2 - y + 9*y**2 + 0*y**3 - 5. Let a = 1 - 6. Calculate v(a).
0
Let b(p) = 9*p**3 - p. Let k(v) = 4 - 2*v**2 - v**3 - 1 + 3*v + 1 + v. Let l be k(-3). Determine b(l).
8
Let z(b) = -6 + 2 + 5*b - 4*b - 1. What is z(6)?
1
Let y(p) = p**3 + 9*p**2 - 9*p + 10. Let a = 45 - 55. Determine y(a).
0
Let z be 32/6 + (-8)/24. Let f = z + -18. Let m = -8 - f. Let q(s) = -s**3 + 4*s**2 + 5*s + 4. What is q(m)?
4
Let b = 0 - -3. Let l(a) = -5*a**2 - 2*a**2 + a**b + 6 + 3*a**2 - 2*a. Suppose -4*y = x + 2*x - 28, 3*y - 3*x = 0. Determine l(y).
-2
Let c(m) = m. Let s(j) = 3*j + 6. Let l = -5 - -6. Let v(o) = l*s(o) - 2*c(o). Give v(-3).
3
Let h(k) = -k**2 - 8*k - 5. Suppose -5*v + 19 = -4*j, 5*j + 38 - 13 = 5*v. What is h(j)?
7
Let f(x) = -x**3 - 2*x**2 + x - 1. Let u be 3 - (1 + 2/(-2)). Suppose 0 = 3*v - 6 - u. Suppose j = 1 - v. Determine f(j).
-3
Let c be 8/10*15/6. Suppose 4*b + 20 = 2*z, 5*z - c*b - 5 - 13 = 0. Let g(o) = -1 - o**2 + z - 3 + 5*o. Calculate g(3).
4
Suppose -2*c = -2*b - 4*c - 4, -c - 20 = -5*b. Suppose -d - 4*i + 16 = -2*d, 5*d - 4*i + 16 = 0. Let f(p) = 2*p - 3*p + d*p. Give f(b).
-3
Let y(q) be the second derivative of q**4/12 + q**3/6 - 7*q**2/2 + 23*q. Calculate y(-5).
13
Let k = 15 - 18. Let l(c) = -2*c**2 - 3*c + 1. Calculate l(k).
-8
Let j be 1 - -2 - (-10)/5. Let z(p) = p**2 - 6*p + 1. Give z(j).
-4
Suppose -14*j = -9*j - 25. Let t(r) = -2*r - 4. Determine t(j).
-14
Suppose 0 = y, 3*y + 5 = -2*p - 5. Let z(q) = -q - 4. Let j(a) = 3*a + 11. Let m(d) = 4*j(d) + 11*z(d). Determine m(p).
-5
Let n(l) = l - 7. Suppose 6*x = 67 - 7. Give n(x).
3
Let h(y) = -y**3. Suppose -12 = -3*a + 3. Let z = a - 6. Give h(z).
1
Let y = -4 - -5. Let v = 5 + y. Let n(a) = 2*a**2 - 8 + 3*a**2 + 0*a**2 - v*a**2 - 8*a. What is n(-6)?
4
Let k(u) = u**2 - 5*u - 3. Let v be ((-24)/(-10))/(8/20). Give k(v).
3
Let y(d) = 3*d - 8. Suppose s = -4, -2*s + 17 = 4*x + 1. Calculate y(x).
10
Let s be (0 - 2) + 1 + 0. Let x(y) = -14*y**3 + 2*y**2 + 2*y + 1. Give x(s).
15
Let k(s) be the first derivative of s**2/2 + s - 7. Give k(-4).
-3
Let t(l) = -1 - l**2 - 8*l**2 - l + 5*l**2. Give t(-1).
-4
Let r = 4 + -10. Let q(u) = u**2 + 5*u - 2. Determine q(r).
4
Suppose -11*k - 32 = 67. Let l(f) = f**2 + 10*f + 13. Calculate l(k).
4
Let m be 5 - -1*(4 - -3). Let z(s) = -s**2 + 12*s + 8. Determine z(m).
8
Let i(c) be the second derivative of c**5/20 - c**4/4 + 2*c**3/3 - c**2/2 - 11*c. Calculate i(3).
11
Suppose 3*x = x - 6. Let w be x/((30/8)/(-5)). Let d(a) = a**2 - 4*a. Let q(o) = -2*o**2 + 8*o. Let k(r) = 7*d(r) + 4*q(r). Calculate k(w).
0
Let l(p) be the second derivative of p**4/6 - 5*p**3/6 + 4*p. What is l(4)?
12
Let f(r) = 2*r + 5. Let d be (1*2)/((-1)/2). Let s be f(d). Let t be (2 - s/(-2))*4. Let y(a) = -3*a - 1. Calculate y(t).
-7
Suppose -8*o = -z - 3*o + 12, -5*z + 4*o = -39. Suppose 2*c + 3 - z = 0. Suppose c*d = 5*d + 12. Let b(a) = -a - 1. Give b(d).
3
Let p(q) = 5*q. Let l = -5 + 5. Let s = l - -3. Let o be 3 + -2 + 0/s. Calculate p(o).
5
Suppose 0*c - 3*c + 5*y - 20 = 0, 4*y = 5*c + 29. Let d(v) = -5*v - 9. Let w = -3 + 9. Let b(t) = -4*t - 8. Let u(h) = c*d(h) + w*b(h). Determine u(4).
1
Let w be 2/(-9) + 29/9. Suppose -w*z + 2*c = -7*z - 2, -3*z + 5*c = -18. Let p(a) = 8*a**3 - a + 1. Determine p(z).
8
Suppose -x + 4 = 3*l + 20, 2*x + 28 = -5*l. Let k(z) = -z**2 - 5*z - 4. Give k(l).
0
Let g be 11 - (0 + -2 + 4). Let m be 2*(g/(-6) - -2). Let j = m + -3. Let z(l) = l**2 - l - 1. Calculate z(j).
5
Let r(x) = 6*x - 10*x**2 + 6 - x**3 + 4*x**2 + x**2. Give r(-6).
6
Let t(s) = s + 8. Let l be t(-6). Suppose 0 = -l*a + u - 1, 2*a - 3*u + 5 = 2. Let q(b) = b - 2*b + 2 + b**2 - 2*b**2. Give q(a).
2
Let g be (-1)/(1*(-4)/12). Let v(j) = -2*j**2 + 5*j - 2. Determine v(g).
-5
Let s(y) = -8*y - 29*y**2 + 17*y**2 + 11*y**2 + 13. Give s(-9).
4
Let t(w) = 6*w - 4. Suppose -l - 13 = -3*o, -o + 5*l = -5 - 4. Calculate t(o).
20
Let y = -96 - -87. Let l(t) = -t**2 - 9*t + 8. What is l(y)?
8
Suppose h - 4*h = a - 8, -5*h + 28 = -2*a. Suppose t = -h*t. Let z(b) be the first derivative of b**4/4 + b**3/3 + b**2/2 + b + 3. Determine z(t).
1
Let j(i) = i**2 + 14*i - 13. Let u be j(-15). Let h(v) = -7*v + 2. Calculate h(u).
-12
Let h(k) = -k**2 - 5*k + 5. Let r be ((-6)/(-18))/(3/(-63)). What is h(r)?
-9
Let t(b) = -b**3 + 4*b**2 + 5*b + 5. Let v be t(5). Let s = v + -3. Let f(y) = -7*y + s*y - 2*y. Determine f(1).
-7
Let k(l) = l**2 + 2*l - 1. Let u be k(-3). Suppose -5*o = 2*i - 6, -3 = i - u*i + 3*o. Let p(w) = w - 3. What is p(i)?
0
Let t(r) = 3 + 0*r + 0*r + r - 7. Determine t(-3).
-7
Let b(q) = 4*q + q - 5 + 4 - 3*q. Determine b(1).
1
Let y(j) = -6*j**2 - 2*j - 1. Let h(o) = 4 + 7*o**2 + 0*o**2 - 4 - 1 - o**3 + 8*o. Let t be (-4*2)/(-1 + 0). Let i be h(t). What is y(i)?
-5
Let x(y) be the third derivative of y**4/24 + y**3/3 + 2*y**2. Suppose 9 = -3*f + 4*i, -4*f - 10 = -i + 2. What is x(f)?
-1
Let z(p) be the first derivative of p**3/3 - 2*p**2 + 3*p + 4. Let x = -4 + 8. Suppose 0*y = 2*k + 2*y + 6, 0 = x*k + 5*y + 17. What is z(k)?
-1
Let r(k) = -k - 12. Let l be (-4 + (-21)/(-12))*32/12. Determine r(l).
-6
Let i = -1 - -2. Let q(g) = -g + 3337*g**3 - 3338*g**3 + 2*g. Calculate q(i).
0
Let r = 38 + -36. Let w(l) = -2*l**3 + l**2 + l + 2. Calculate w(r).
-8
Let a(g) = -g**3 - 5*g**2 + 3. Let y(d) = 2*d**3 - 15*d**2 + 5*d + 9. Let c be y(7). Calculate a(c).
3
Let p(j) be the first derivative of j**3/3 + 3*j**2/2 - 2*j + 5. Calculate p(-3).
-2
Suppose 0 = -5*v + 2*q - 30, 5*q + 30 = -2*v - 11. Let h(d) = d**3 + 9*d**2 + 8*d - 4. Give h(v).
-4
Let v(s) = 3*s - 8. Let j(i) = 7*i - 16. Let w(f) = 2*j(f) - 5*v(f). Determine w(7).
1
Let f(n) = 4 - n**2 + 3*n - 2 + 0*n**2 + 2*n**2. Let u = -6 + 3. Give f(u).
2
Let z(r) = r**2 + 16*r + 12. Let q be z(-15). Let p(l) = 6*l + 1. What is p(q)?
-17
Let d(u) = -3 - 2*u + 1 + 2. Let z = 1 + 3. Suppose -z = s + s. Calculate d(s).
4
Let c(f) be the first derivative of -f**3/2 - f**2/2 - 7*f - 6. Let j(n) be the first derivative of c(n). What is j(-1)?
2
Let k(l) = 4 - 4 + 9*l. Suppose 0 = -3*o - 3*q + 6, -2*o - 2*q = -6*o + 2. Give k(o).
9
Let q(m) = -m**3 + 5*m**2 + 5. Let c be q(5). Let h(d) be the second derivative of -d**3/6 - d. Determine h(c).
-5
Let x(y) be the first derivative of y**2/2 + 14*y - 5. Let p be x(-8). Let z(w) = 2*w - 9. Give z(p).
3
Let m(p) = p - 22. Let f be m(18). Let y(o) = -o + 2 - o + 4*o. Give y(f).
-6
Let v(c) = -2*c - 8. Let h be (-207)/(-36) - (-1)/4. Determine v(h).
-20
Let q(f) = -f - 3. Let o be q(-6). Suppose -o*p + 3 = -9. Suppose -16 - p = 5*a. Let k(r) = -r**3 - 5*r**2 - 4*r - 6. What is k(a)?
-6
Let u(f) be the first derivative of 2*f**3 + 2*f**2 + 2*f - 10. Calculate u(-2).
18
Let n(p) = -3*p**2 + 1. Let w(t) = -3*t**2 + 1. Let y(v) = 4*n(v) - 5*w(v). Suppose 0 = -0*i - 2*i - 4. Calculate y(i).
11
Let d(r) = r - 7. Suppose 4*b - 17 - 3 = 0. Give d(b).
-2
Let q(y) = 7*y - 1. Let s(n) = -5*n + 1. Let k(t) = -t - 1. Let w(r) = -6*k(r) + s(r). Let x be w(-6). Determine q(x).
6
Suppose 0 = -8*l + 3*l + 15. Let t = -1 + l. Let a(g) = 3*g**3 - 3 - 1 + g**2 - t*g**3 + g. Give a(0).
-4
Let w(q) = 2 - 2 + 12*q. Suppose -2*r = -0*r - 4*o - 10, 3*o = -6. Determine w(r).
12
Let p(a) = 3*a - 1. Let i be (2/4)/((-2)/8). Let r be (i/(-4))/(7/(-14)). What is p(r)?
-4
Let h(q) = -q + 1. Let f(u) = -2*u - 2. Let z(j) = -f(j) - h(j). Calculate z(-6).
-17
Suppose 3*o - 6 = -3*l + 9, 5 = -5*o + 5*l. Let i(p) = -p + 2. Let w(d) = -3*d + 4. Let n(c) = o*w(c) - 5*i(c). Calculate n(-5).
3
Suppose 4*k - 19 + 7 = 0. Let s = 0